1?
False
Is 5875 a multiple of 16?
False
Is 77 a factor of 3854?
False
Does 138 divide 6900?
True
Is 601 a multiple of 44?
False
Is 12 a factor of 69097?
False
Is 15 a factor of 75?
True
Does 101 divide 18620?
False
Is 1206 a multiple of 9?
True
Does 7 divide 42441?
True
Is 1100 a multiple of 20?
True
Does 9 divide 17460?
True
Does 18 divide 3070?
False
Is 6930 a multiple of 10?
True
Does 67 divide 10638?
False
Does 10 divide 5400?
True
Does 15 divide 4648?
False
Does 43 divide 10305?
False
Does 3 divide 564?
True
Is 51844 a multiple of 13?
True
Does 5 divide 600?
True
Is 17157 a multiple of 11?
False
Does 14 divide 364?
True
Is 19222 a multiple of 22?
False
Is 4 a factor of 774?
False
Is 55529 a multiple of 291?
False
Is 73 a factor of 8030?
True
Is 18 a factor of 489?
False
Is 18 a factor of 216?
True
Is 22 a factor of 5649?
False
Is 7 a factor of 343?
True
Is 10 a factor of 27655?
False
Is 2004 a multiple of 50?
False
Does 7 divide 252?
True
Is 15400 a multiple of 10?
True
Is 16 a factor of 67?
False
Is 22325 a multiple of 25?
True
Is 147 a multiple of 3?
True
Is 1683 a multiple of 33?
True
Is 4560 a multiple of 57?
True
Is 10009 a multiple of 182?
False
Is 13 a factor of 271?
False
Does 65 divide 28925?
True
Is 7 a factor of 1002?
False
Is 6 a factor of 108?
True
Is 142 a factor of 3917?
False
Is 27709 a multiple of 176?
False
Is 271 a factor of 4607?
True
Is 247 a factor of 145977?
True
Is 2073 a multiple of 38?
False
Is 10 a factor of 2720?
True
Does 8 divide 104?
True
Is 3446 even?
True
Is 11 a factor of 496?
False
Is 10 a factor of 7439?
False
Does 11 divide 6847?
False
Is 23 a factor of 4347?
True
Is 46223 a multiple of 112?
False
Is 26 a factor of 754?
True
Is 12820 a multiple of 7?
False
Does 7 divide 1140?
False
Is 213 a multiple of 3?
True
Is 13677 a multiple of 97?
True
Is 6 a factor of 1161?
False
Is 2 a factor of 18633?
False
Is 118 a factor of 40687?
False
Is 585 a multiple of 54?
False
Is 2142 a multiple of 21?
True
Is 14 a factor of 27454?
True
Is 23 a factor of 2184?
False
Does 27 divide 1242?
True
Does 68 divide 340?
True
Does 14 divide 21668?
False
Is 3464 a multiple of 10?
False
Is 13 a factor of 5018?
True
Is 12 a factor of 5724?
True
Is 8 a factor of 61?
False
Is 304 a multiple of 9?
False
Does 105 divide 6615?
True
Is 2131 a multiple of 3?
False
Is 31 a factor of 107818?
True
Is 8604 a multiple of 12?
True
Is 35 a factor of 48095?
False
Does 17 divide 680?
True
Is 23 a factor of 1748?
True
Is 25 a factor of 580?
False
Does 105 divide 420?
True
Is 15119 a multiple of 4?
False
Is 4 a factor of 88?
True
Is 17 a factor of 204?
True
Is 344 a multiple of 8?
True
Does 25 divide 85337?
False
Does 3 divide 41?
False
Is 1034 a multiple of 11?
True
Does 16 divide 1264?
True
Is 403 a multiple of 20?
False
Does 277 divide 45822?
False
Is 3237 a multiple of 12?
False
Is 6989 a multiple of 29?
True
Is 2976 a multiple of 124?
True
Is 11 a factor of 92257?
True
Is 4 a factor of 46?
False
Is 3982 a multiple of 10?
False
Does 12 divide 3972?
True
Is 1785 a multiple of 24?
False
Is 988 a multiple of 71?
False
Is 13 a factor of 103324?
True
Is 680 a multiple of 2?
True
Does 108 divide 2275?
False
Is 26 a factor of 1742?
True
Is 2909 a multiple of 140?
False
Is 167 a factor of 24382?
True
Is 15 a factor of 805?
False
Is 2681 a multiple of 8?
False
Is 269 a factor of 2293?
False
Is 41 a factor of 10467?
False
Is 5726 a multiple of 157?
False
Is 2075 a multiple of 16?
False
Is 124 a factor of 471?
False
Does 17 divide 3366?
True
Is 520 a multiple of 52?
True
Is 32 a factor of 638?
False
Is 2785 a multiple of 2?
False
Is 322 a multiple of 46?
True
Is 65 a factor of 455?
True
Is 918 a multiple of 9?
True
Does 190 divide 70854?
False
Is 12 a factor of 243?
False
Is 585 a multiple of 9?
True
Is 187 a multiple of 34?
False
Is 13 a factor of 2951?
True
Is 2 a factor of 81?
False
Is 95 a factor of 6911?
False
Does 85 divide 4250?
True
Is 225 a factor of 3932?
False
Is 190 a multiple of 4?
False
Is 43 a factor of 1092?
False
Does 10 divide 10643?
False
Is 8 a factor of 73602?
False
Is 71 a multiple of 9?
False
Does 5 divide 9119?
False
Does 109 divide 24027?
False
Is 1367 a multiple of 6?
False
Is 18 a factor of 36864?
True
Is 3518 a multiple of 5?
False
Is 90 a factor of 4500?
True
Is 12 a factor of 564?
True
Is 825 a multiple of 118?
False
Is 85 a factor of 20910?
True
Is 1379 a multiple of 47?
False
Is 3190 a multiple of 22?
True
Does 41 divide 7339?
True
Does 10 divide 1660?
True
Does 56 divide 4280?
False
Does 14 divide 768?
False
Is 8721 a multiple of 27?
True
Is 56 a factor of 3399?
False
Is 1733 a multiple of 25?
False
Does 11 divide 52515?
False
Does 158 divide 94034?
False
Is 13 a factor of 2418?
True
Is 4 a factor of 464?
True
Does 43 divide 8809?
False
Is 12486 a multiple of 31?
False
Is 31 a factor of 11129?
True
Is 544 a multiple of 16?
True
Is 16 a factor of 16?
True
Does 6 divide 402?
True
Is 7704 a multiple of 72?
True
Is 16 a factor of 1467?
False
Does 8 divide 6116?
False
Is 1080 a multiple of 30?
True
Is 112 a factor of 9449?
False
Does 4 divide 396?
True
Is 17 a factor of 699?
False
Is 510 a multiple of 17?
True
Does 3 divide 327?
True
Is 2488 a multiple of 4?
True
Is 763 a multiple of 6?
False
Does 5 divide 2246?
False
Does 21 divide 651?
True
Does 3 divide 126?
True
Does 3 divide 5877?
True
Does 22 divide 3234?
True
Does 297 divide 15977?
False
Is 55 a factor of 220?
True
Does 105 divide 34020?
True
Is 78 a factor of 1168?
False
Does 120 divide 11886?
False
Does 16 divide 41020?
False
Does 82 divide 1681?
False
Is 14 a factor of 28?
True
Does 37 divide 7053?
False
Is 105 a factor of 3247?
False
Is 744 a multiple of 31?
True
Is 975 a multiple of 13?
True
Is 2288 a multiple of 10?
False
Is 14 a factor of 18122?
False
Is 87 a factor of 1044?
True
Is 21230 a multiple of 79?
False
Is 408 a multiple of 34?
True
Is 360 a multiple of 2?
True
Is 6936 a multiple of 149?
False
Does 17 divide 1791?
False
Is 1452 a multiple of 44?
True
Is 13060 a multiple of 77?
False
Does 248 divide 63328?
False
Does 8 divide 438?
False
Is 33 a factor of 406?
False
Is 236 a multiple of 13?
False
Is 21242 a multiple of 81?
False
Is 4180 a multiple of 110?
True
Does 19 divide 1117?
False
Does 25 divide 759?
False
Does 22 divide 3114?
False
Does 125 divide 25420?
False
Does 14 divide 40683?
False
Is 13 a factor of 221?
True
Does 9 divide 383?
False
Is 26517 a multiple of 6?
False
Is 4 a factor of 807?
False
Is 5 a factor of 4126?
False
Is 256 a factor of 18617?
False
Is 1892 a multiple of 86?
True
Is 40 a factor of 30960?
True
Does 26 divide 676?
True
Is 72 a factor of 29255?
False
Is 5 a factor of 60?
True
Does 56 divide 26152?
True
Does 44 divide 406?
False
Is 93231 a multiple of 6?
False
Is 1210 a multiple of 5?
True
Does 5 divide 29148?
False
Does 3 divide 672?
True
Is 10 a factor of 740?
True
Is 3272 a multiple of 86?
False
Is 267 a factor of 60876?
True
Is 912 a multiple of 12?
True
Is 9 a factor of 1942?
False
Does 4 divide 9403?
False
Is 4840 a multiple of 220?
True
Is 342 a factor of 31345?
False
Is 61 a factor of 1098?
True
Does 9 divide 9?
True
Is 121 a factor of 1403?
False
Does 16 divide 816?
True
Is 39 a factor of 8109?
False
Does 39 divide 27414?
False
Is 50 a factor of 42102?
False
Does 2 divide 129?
False
Is 192 a factor of 38976?
True
Is 2549 a multiple of 47?
False
Is 23 a factor of 529?
True
Does 5 divide 209?
False
Is 17 a factor of 1233?
False
Does 31 divide 23374?
True
Does 302 divide 55791?
False
Is 7 a factor of 505?
False
Is 20 a factor of 1760?
True
Does 44 divide 6138?
False
Is 39 a factor of 1131?
True
Does 8 divide 40?
True
Is 546 a multiple of 39?
True
Is 66619 a multiple of 217?
True
Does 35 divide 3325?
True
Is 371 a multiple of 22?
False
Is 809 a multiple of 11?
False
Is 1992 a multiple of 16?
False
Is 24 a factor of 1056?
True
Is 7480 a multiple of 170?
True
Is 96 a multiple of 3?
True
Is 103 a factor of 11433?
True
Is 19344 a multiple of 52?
True
Does 50 divide 700?
True
Does 25 divide 29900?
True
Is 10605 a multiple of 8?
False
Does 83 divide 3388?
False
Is 2052 a multiple of 27?
True
Is 27 a factor of 2741?
False
Is 349 a factor of 109677?
False
Is 29 a factor of 5211?
False
Is 4 a factor of 12?
True
Is 1650 a multi